{"id":4526,"date":"2021-05-20T18:49:00","date_gmt":"2021-05-20T18:49:00","guid":{"rendered":"http:\/\/vaslet.ar\/alquiler\/?page_id=4526"},"modified":"2021-10-14T12:12:57","modified_gmt":"2021-10-14T12:12:57","slug":"alquilar","status":"publish","type":"page","link":"https:\/\/vaslet.ar\/alquiler\/alquilar\/","title":{"rendered":"Alquilar"},"content":{"rendered":"<p>[vc_row][vc_column][g5plus_space desktop=&#8221;40&#8243; tablet=&#8221;70&#8243; tablet_portrait=&#8221;60&#8243; mobile_landscape=&#8221;50&#8243; mobile=&#8221;40&#8243;][\/vc_column][\/vc_row][vc_row][vc_column]<div class=\"ere-property-wrap\">\n    <div class=\"ere-property-slider clearfix navigation-middle \" >\n                    <div class=\"property-content owl-carousel manual\"\n                 data-callback=\"owl_callback\" data-plugin-options='{\"items\": 1, \"dots\": false, \"nav\": true, \"autoplay\": true, \"autoplayTimeout\": 5000}'>\n                                        <div class=\"property-item\">\n                            <div class=\"property-inner\">\n                                <div class=\"property-image\">\n                                    <img loading=\"lazy\" decoding=\"async\" width=\"1920\"\n                                         height=\"860\"\n                                         src=\"https:\/\/vaslet.ar\/alquiler\/wp-content\/uploads\/2025\/07\/IMG_8723.jpeg\"\n                                         onerror=\"this.src = 'http:\/\/vaslet.ar\/alquiler\/wp-content\/uploads\/2018\/05\/no-image-1920x860.jpg';\"\n                                         alt=\"Exclusivo departamento amoblado de 2 dormitorios\"\n                                         title=\"Exclusivo departamento amoblado de 2 dormitorios\">\n                                <\/div>\n                                <div class=\"block-center container\">\n                                    <div class=\"block-center-inner\">\n                                        <div class=\"property-main-info\">\n                                            <div class=\"property-main-info-top\">\n                                                                                                    <div class=\"property-status\">\n                                                                                                                    <span class=\"\"\n                                                                  style=\"background-color: #888\">Alquilar<\/span>\n                                                                                                            <\/div>\n                                                                                                                                                    <div class=\"property-location\"\n                                                         title=\"G\u00fcemes 2047, Rosario, Santa Fe\">\n                                                        <i class=\"fa fa-map-marker accent-color\"><\/i>\n                                                        <a target=\"_blank\"\n                                                           href=\"http:\/\/maps.google.com\/?q=G\u00fcemes%202047,%20Rosario,%20Santa%20Fe\"><span>G\u00fcemes 2047, Rosario, Santa Fe<\/span><\/a>\n                                                    <\/div>\n                                                                                            <\/div>\n                                            <div class=\"property-heading\">\n                                                                                                    <h4><a href=\"https:\/\/vaslet.ar\/alquiler\/property\/exclusivo-departamento-amoblado-de-2-dormitorios\/\"\n                                                           title=\"Exclusivo departamento amoblado de 2 dormitorios\">Exclusivo departamento amoblado de 2 dormitorios<\/a><\/h4>\n                                                                                            <\/div>\n                                            <div class=\"property-info\">\n                                                                                                    <div class=\"property-area\">\n                                                        <span class=\"fa fa-arrows accent-color\"><\/span>\n                                                        <div class=\"content-property-info\">\n                                                            <p class=\"property-info-value\">85                                                                <span>m<sup>2<\/sup><\/span>\n                                                            <\/p>\n                                                            <p class=\"property-info-title\">Superficie <\/p>\n                                                        <\/div>\n                                                    <\/div>\n                                                                                                                                                    <div class=\"property-bedrooms\">\n                                                        <span class=\"fa fa-hotel accent-color\"><\/span>\n                                                        <div class=\"content-property-info\">\n                                                            <p class=\"property-info-value\">3<\/p>\n                                                            <p class=\"property-info-title\">Ambientes<\/p>\n                                                        <\/div>\n                                                    <\/div>\n                                                                                                                                                    <div class=\"property-bathrooms\">\n                                                        <span class=\"fa fa-bath accent-color\"><\/span>\n                                                        <div class=\"content-property-info\">\n                                                            <p class=\"property-info-value\">2<\/p>\n                                                            <p class=\"property-info-title\">Ba\u00f1os<\/p>\n                                                        <\/div>\n                                                    <\/div>\n                                                                                            <\/div>\n                                            <div class=\"property-info-block-inline\">\n                                                <div>\n                                                                                                            <span class=\"property-price\">\n\t\t\t\t\t\t\t\t\t\t\t\t\t\t\t                                                            $ 1.400.000                                                            \t\t\t\t\t\t\t\t\t\t\t\t\t\t<\/span>\n                                                                                                    <\/div>\n                                            <\/div>\n                                        <\/div>\n                                        <div class=\"clearfix\"><\/div>\n                                    <\/div>\n                                <\/div>\n                            <\/div>\n                        <\/div>\n                                <\/div>\n                    <\/div>\n<\/div>\n\n[\/vc_column][\/vc_row][vc_row][vc_column][g5plus_space desktop=&#8221;40&#8243; tablet=&#8221;70&#8243; tablet_portrait=&#8221;60&#8243; mobile_landscape=&#8221;50&#8243; mobile=&#8221;40&#8243;][\/vc_column][\/vc_row][vc_row][vc_column]<div class=\"ere-property-wrap\">\n    <div class=\"ere-property clearfix property-grid  col-gap-30\" >\n                            <div class=\"property-content columns-3 columns-md-3 columns-sm-2 columns-xs-1 columns-mb-1\">\n                                                        <div class=\"ere-item-wrap property-item mg-bottom-30\">\n                            <div class=\"property-inner\">\n                                <div class=\"property-image \">\n                                    <img loading=\"lazy\" decoding=\"async\" width=\"340\"\n                                         height=\"340\"\n                                         src=\"https:\/\/vaslet.ar\/alquiler\/wp-content\/uploads\/2025\/07\/IMG_8723-340x340.jpeg\"\n                                         onerror=\"this.src = 'http:\/\/vaslet.ar\/alquiler\/wp-content\/uploads\/2018\/05\/no-image-340x340.jpg';\"\n                                         alt=\"Exclusivo departamento amoblado de 2 dormitorios\"\n                                         title=\"Exclusivo departamento amoblado de 2 dormitorios\">\n\n                                    <div class=\"property-action block-center\">\n                                        <div class=\"block-center-inner\">\n                                            <div class=\"property-view-gallery-wrap\" data-toggle=\"tooltip\" title=\"(22) Photos\">\n    <a data-property-id=\"5279\"\n       href=\"javascript:void(0)\" class=\"property-view-gallery\"><i\n            class=\"fa fa-camera\"><\/i><\/a>\n<\/div>                                        <\/div>\n                                        <a class=\"property-link\" href=\"https:\/\/vaslet.ar\/alquiler\/property\/exclusivo-departamento-amoblado-de-2-dormitorios\/\"\n                                           title=\"Exclusivo departamento amoblado de 2 dormitorios\"><\/a>\n\n                                    <\/div>\n                                                                            <div class=\"property-label property-featured\">\n                                                                                            <p class=\"label-item\">\n                                                <span\n                                                    class=\"property-label-bg\">Destacado                                                    <span class=\"property-arrow\"><\/span><\/span>\n                                                <\/p>\n                                                                                                                                <\/div>\n                                                                        <div class=\"property-item-content-inner\">\n                                        <div class=\"property-date\"><i\n                                                class=\"fa fa-calendar accent-color\"><\/i>\n                                            10 meses                                         <\/div>\n                                                                            <\/div>\n                                <\/div>\n                                <div\n                                    class=\"property-item-content \">\n                                                                            <div class=\"property-type\">\n                                            <i class=\"fa fa-tag accent-color\"><\/i>\n                                                                                            <a href=\"https:\/\/vaslet.ar\/alquiler\/property-type\/departamento\/\"\n                                                   title=\"Departamento\"><span>Departamento <\/span><\/a>\n                                                                                    <\/div>\n                                                                        <div class=\"property-heading\">\n                                        <h4 class=\"property-title fs-18\"><a\n                                                href=\"https:\/\/vaslet.ar\/alquiler\/property\/exclusivo-departamento-amoblado-de-2-dormitorios\/\"\n                                                title=\"Exclusivo departamento amoblado de 2 dormitorios\">Exclusivo departamento amoblado de 2 dormitorios<\/a>\n                                        <\/h4>\n                                    <\/div>\n                                                                            <div class=\"property-location\"\n                                             title=\"G\u00fcemes 2047, Rosario, Santa Fe\">\n                                            <i class=\"fa fa-map-marker accent-color\"><\/i>\n                                            <a target=\"_blank\"\n                                               href=\"http:\/\/maps.google.com\/?q=G\u00fcemes%202047,%20Rosario,%20Santa%20Fe\"><span>G\u00fcemes 2047, Rosario, Santa Fe<\/span><\/a>\n                                        <\/div>\n                                                                        <div class=\"property-info\">\n                                        <div class=\"property-info-inner clearfix\">\n                                                                                            <div class=\"property-area\">\n                                                    <div class=\"property-area-inner\">\n                                                        <i class=\"icon-assembly-area\"><\/i>\n                                                        <span class=\"property-info-value\">85 m<sup>2<\/sup>\t\t\t\t\t\t\t\t\t\t\t\t<\/span>\n                                                    <\/div>\n                                                <\/div>\n                                                                                                                                        <div class=\"property-bedrooms\">\n                                                    <div class=\"property-bedrooms-inner\">\n                                                        <i class=\"icon-bed-1\"><\/i>\n                                                        <span\n                                                            class=\"property-info-value\">3 Ambientes<\/span>\n                                                    <\/div>\n                                                <\/div>\n                                                                                                                                        <div class=\"property-bathrooms\">\n                                                    <div class=\"property-bathrooms-inner\">\n                                                        <i class=\"icon-bathtub-1\"><\/i>\n                                                        <span\n                                                            class=\"property-info-value\">2 Ba\u00f1os<\/span>\n                                                    <\/div>\n                                                <\/div>\n                                                                                                                                        <div class=\"property-garages\">\n                                                    <div class=\"property-garages-inner\">\n                                                        <i class=\"icon-car-garage\"><\/i>\n                                                        <span\n                                                            class=\"property-info-value\">1 Garage<\/span>\n                                                    <\/div>\n                                                <\/div>\n                                                                                    <\/div>\n                                    <\/div>\n                                                                                                                        <div class=\"property-excerpt\">\n                                                <p>Edificio Gavia, ubicaci\u00f3n exclusiva, a una cuadra del r\u00edo y de BV. Oro\u00f1o. Departamento semipiso amoblado ubicado en el 4to piso al frente con orientaci\u00f3n Norte, con cochera en PB de f\u00e1cil acceso (sin rampa) y baulera. El departamento cuenta con doble acceso. Ingreso a living-comedor con balc\u00f3n corrido amplio al frente, cocina y sector [&hellip;]<\/p>\n                                            <\/div>\n                                                                                <div class=\"property-status-price\">\n                                                                                            <div class=\"property-status\">\n                                                                                                                                                                    <p class=\"status-item\">\n                                        <span class=\"property-status-bg\">Alquilar                                        <\/span>\n                                                        <\/p>\n                                                                                                    <\/div>\n                                                                                                                                        <div class=\"property-price\">\n                                                <span>\n                                                                                                        $ 1.400.000                                                                                                    <\/span>\n                                                <\/div>\n                                                                                    <\/div>\n                                                                    <\/div>\n                                                            <\/div>\n                        <\/div>\n                                                                    <\/div>\n        <div class=\"clearfix\"><\/div>\n                        <\/div>\n<\/div>\n\n[\/vc_column][\/vc_row]<\/p>\n","protected":false},"excerpt":{"rendered":"<p>[vc_row][vc_column][g5plus_space desktop=&#8221;40&#8243; tablet=&#8221;70&#8243; tablet_portrait=&#8221;60&#8243; mobile_landscape=&#8221;50&#8243; mobile=&#8221;40&#8243;][\/vc_column][\/vc_row][vc_row][vc_column][\/vc_column][\/vc_row][vc_row][vc_column][g5plus_space desktop=&#8221;40&#8243; tablet=&#8221;70&#8243; tablet_portrait=&#8221;60&#8243; mobile_landscape=&#8221;50&#8243; mobile=&#8221;40&#8243;][\/vc_column][\/vc_row][vc_row][vc_column][\/vc_column][\/vc_row]<\/p>\n","protected":false},"author":1,"featured_media":0,"parent":0,"menu_order":0,"comment_status":"closed","ping_status":"closed","template":"","meta":{"footnotes":""},"class_list":["post-4526","page","type-page","status-publish","hentry"],"_links":{"self":[{"href":"https:\/\/vaslet.ar\/alquiler\/wp-json\/wp\/v2\/pages\/4526","targetHints":{"allow":["GET"]}}],"collection":[{"href":"https:\/\/vaslet.ar\/alquiler\/wp-json\/wp\/v2\/pages"}],"about":[{"href":"https:\/\/vaslet.ar\/alquiler\/wp-json\/wp\/v2\/types\/page"}],"author":[{"embeddable":true,"href":"https:\/\/vaslet.ar\/alquiler\/wp-json\/wp\/v2\/users\/1"}],"replies":[{"embeddable":true,"href":"https:\/\/vaslet.ar\/alquiler\/wp-json\/wp\/v2\/comments?post=4526"}],"version-history":[{"count":14,"href":"https:\/\/vaslet.ar\/alquiler\/wp-json\/wp\/v2\/pages\/4526\/revisions"}],"predecessor-version":[{"id":4941,"href":"https:\/\/vaslet.ar\/alquiler\/wp-json\/wp\/v2\/pages\/4526\/revisions\/4941"}],"wp:attachment":[{"href":"https:\/\/vaslet.ar\/alquiler\/wp-json\/wp\/v2\/media?parent=4526"}],"curies":[{"name":"wp","href":"https:\/\/api.w.org\/{rel}","templated":true}]}}